{"id":2628,"date":"2025-07-14T15:51:29","date_gmt":"2025-07-14T12:51:29","guid":{"rendered":"https:\/\/rkeeper.us\/?page_id=2628"},"modified":"2025-07-22T12:06:20","modified_gmt":"2025-07-22T09:06:20","slug":"objednavanie-online","status":"publish","type":"page","link":"https:\/\/ucsrkeeper.sk\/?page_id=2628","title":{"rendered":"Objedn\u00e1vanie online"},"content":{"rendered":"\t\t<div data-elementor-type=\"wp-page\" data-elementor-id=\"2628\" class=\"elementor elementor-2628 elementor-2220\" data-elementor-post-type=\"page\">\n\t\t\t\t<div class=\"elementor-element elementor-element-13b53120 e-flex e-con-boxed e-con e-parent\" data-id=\"13b53120\" data-element_type=\"container\" data-e-type=\"container\">\n\t\t\t\t\t<div class=\"e-con-inner\">\n\t\t\t\t<div class=\"elementor-element elementor-element-664f7414 elementor-widget elementor-widget-heading\" data-id=\"664f7414\" data-element_type=\"widget\" data-e-type=\"widget\" data-widget_type=\"heading.default\">\n\t\t\t\t<div class=\"elementor-widget-container\">\n\t\t\t\t\t<h3 class=\"elementor-heading-title elementor-size-default\">Objedn\u00e1vanie online<\/h3>\t\t\t\t<\/div>\n\t\t\t\t<\/div>\n\t\t\t\t<div class=\"elementor-element elementor-element-63e33bf0 elementor-widget elementor-widget-text-editor\" data-id=\"63e33bf0\" data-element_type=\"widget\" data-e-type=\"widget\" data-widget_type=\"text-editor.default\">\n\t\t\t\t<div class=\"elementor-widget-container\">\n\t\t\t\t\t\t\t\t\t<h2 id=\"Online-Ordering:-Your-Restaurant-Always-Open-1\"><strong>Objedn\u00e1vanie online: Va\u0161a re\u0161taur\u00e1cia, v\u017edy otvoren\u00e1<\/strong><\/h2><h3 id=\"Turn-Clicks-Into-Orders.-Anytime-Anywhere.-2\">Preme\u0148te kliknutia na objedn\u00e1vky. Kedyko\u013evek a kdeko\u013evek. <\/h3><p>Umo\u017enite svojim z\u00e1kazn\u00edkom objedna\u0165 si z va\u0161ej re\u0161taur\u00e1cie len nieko\u013ek\u00fdmi \u0165uknutiami &#8211; na akomko\u013evek zariaden\u00ed.<br>Na\u0161e rie\u0161enie <strong>online objedn\u00e1vok<\/strong> sp\u00e1ja va\u0161e menu s digit\u00e1lnym svetom: va\u0161ou webovou str\u00e1nkou, mobilnou aplik\u00e1ciou alebo QR k\u00f3dom. \u017diadni sprostredkovatelia. \u017diadne kr\u00e1tenie prov\u00edzie. Len priamy predaj priamo do va\u0161ej kuchyne.   <\/p><p>Sl\u00fa\u017ete aj za svojimi m\u00farmi. Bu\u010fte tam, kde s\u00fa va\u0161i z\u00e1kazn\u00edci. <\/p><h3 id=\"Why-You'll-Love-It-2\"><strong>Pre\u010do sa v\u00e1m bude p\u00e1\u010di\u0165<\/strong><\/h3><p><img fetchpriority=\"high\" decoding=\"async\" class=\"alignleft\" src=\"https:\/\/img.perfectwiki.xyz\/insecure\/resize:fit:400\/aHR0cHM6Ly9zdG9yYWdlLmdvb2dsZWFwaXMuY29tL3BlcmZlY3Rfd2lraS9jMThmZTZmNy03MTRiLTQxMzItYmI1NC0zNTY0ODc3NWVkMGMvRXFoakF6MGFkRjlvQ3BVRXdIVFQvJUQwJUI4JUQwJUI3JUQwJUJFJUQwJUIxJUQxJTgwJUQwJUIwJUQwJUI2JUQwJUI1JUQwJUJEJUQwJUI4JUQwJUI1XzQyZTk5NjM0LWY0YzYtNGU3My05MDhlLTI4ODBiZTIwMGU4OS5wbmc.webp\" sizes=\"100vw\" srcset=\"https:\/\/img.perfectwiki.xyz\/insecure\/resize:fit:400\/aHR0cHM6Ly9zdG9yYWdlLmdvb2dsZWFwaXMuY29tL3BlcmZlY3Rfd2lraS9jMThmZTZmNy03MTRiLTQxMzItYmI1NC0zNTY0ODc3NWVkMGMvRXFoakF6MGFkRjlvQ3BVRXdIVFQvJUQwJUI4JUQwJUI3JUQwJUJFJUQwJUIxJUQxJTgwJUQwJUIwJUQwJUI2JUQwJUI1JUQwJUJEJUQwJUI4JUQwJUI1XzQyZTk5NjM0LWY0YzYtNGU3My05MDhlLTI4ODBiZTIwMGU4OS5wbmc.webp 400w, https:\/\/img.perfectwiki.xyz\/insecure\/resize:fit:800\/aHR0cHM6Ly9zdG9yYWdlLmdvb2dsZWFwaXMuY29tL3BlcmZlY3Rfd2lraS9jMThmZTZmNy03MTRiLTQxMzItYmI1NC0zNTY0ODc3NWVkMGMvRXFoakF6MGFkRjlvQ3BVRXdIVFQvJUQwJUI4JUQwJUI3JUQwJUJFJUQwJUIxJUQxJTgwJUQwJUIwJUQwJUI2JUQwJUI1JUQwJUJEJUQwJUI4JUQwJUI1XzQyZTk5NjM0LWY0YzYtNGU3My05MDhlLTI4ODBiZTIwMGU4OS5wbmc.webp 800w, https:\/\/img.perfectwiki.xyz\/insecure\/resize:fit:1200\/aHR0cHM6Ly9zdG9yYWdlLmdvb2dsZWFwaXMuY29tL3BlcmZlY3Rfd2lraS9jMThmZTZmNy03MTRiLTQxMzItYmI1NC0zNTY0ODc3NWVkMGMvRXFoakF6MGFkRjlvQ3BVRXdIVFQvJUQwJUI4JUQwJUI3JUQwJUJFJUQwJUIxJUQxJTgwJUQwJUIwJUQwJUI2JUQwJUI1JUQwJUJEJUQwJUI4JUQwJUI1XzQyZTk5NjM0LWY0YzYtNGU3My05MDhlLTI4ODBiZTIwMGU4OS5wbmc.webp 1200w, https:\/\/img.perfectwiki.xyz\/insecure\/aHR0cHM6Ly9zdG9yYWdlLmdvb2dsZWFwaXMuY29tL3BlcmZlY3Rfd2lraS9jMThmZTZmNy03MTRiLTQxMzItYmI1NC0zNTY0ODc3NWVkMGMvRXFoakF6MGFkRjlvQ3BVRXdIVFQvJUQwJUI4JUQwJUI3JUQwJUJFJUQwJUIxJUQxJTgwJUQwJUIwJUQwJUI2JUQwJUI1JUQwJUJEJUQwJUI4JUQwJUI1XzQyZTk5NjM0LWY0YzYtNGU3My05MDhlLTI4ODBiZTIwMGU4OS5wbmc.webp 1400w\" alt=\"Rie\u0161enia \/ 6 Online objedn\u00e1vanie\" width=\"224\" height=\"336\"><\/p><p><strong>Jednoduch\u00e9 pou\u017e\u00edvanie, jednoduch\u00e1 objedn\u00e1vka<\/strong><br>Kr\u00e1sne zna\u010dkov\u00e9 menu navrhnut\u00e9 pre mobiln\u00e9 zariadenia a po\u010d\u00edta\u010de. Nemus\u00edte s\u0165ahova\u0165 \u017eiadne aplik\u00e1cie &#8211; sta\u010d\u00ed \u0165ukn\u00fa\u0165 a objedna\u0165. <\/p><p><strong>Bezpe\u010dn\u00e9 platby, flexibiln\u00e9 mo\u017enosti<\/strong><br>Prij\u00edmajte karty, Apple\/Google Pay alebo ich nechajte plati\u0165 pri vyzdvihnut\u00ed. V\u0161etky transakcie s\u00fa bezpe\u010dn\u00e9 a r\u00fdchle. <\/p><p><strong>Vyzdvihnutie, don\u00e1\u0161ka, don\u00e1\u0161ka &#8211; v\u0161etko pokryt\u00e9<\/strong><br>Nechajte host\u00ed vybra\u0165 si, ako dostan\u00fa jedlo: vyzdvihn\u00fa\u0165 si ho, zjes\u0165 v re\u0161taur\u00e1cii alebo si ho necha\u0165 doru\u010di\u0165.<\/p><p><strong>Plne integrovan\u00e1<\/strong> str\u00e1nka<br>Objedn\u00e1vky pr\u00fadia priamo do va\u0161ej pokladnice alebo kuchyne &#8211; \u017eiadne \u010fal\u0161ie obrazovky, \u017eiadne zme\u0161kan\u00e9 l\u00edstky.<\/p><p><strong>Predajn\u00e9 inform\u00e1cie a \u00fadaje o z\u00e1kazn\u00edkoch<\/strong><br>Sledujte, \u010do si \u013eudia objedn\u00e1vaj\u00fa, kedy a ako \u010dasto. Vyu\u017eite ich na zlep\u0161enie svojich pon\u00fak a lep\u0161ie zacielenie. <\/p><h3 id=\"Key-Features-2\"><strong>K\u013e\u00fa\u010dov\u00e9 vlastnosti<\/strong><\/h3><ul><li>Prisp\u00f4sobite\u013en\u00e9 digit\u00e1lne menu s kateg\u00f3riami a modifik\u00e1tormi<\/li><li>Pridajte fotografie, alerg\u00e9ny, kombin\u00e1cie &#8211; \u010doko\u013evek, o \u010dom va\u0161i hostia potrebuj\u00fa rozhodn\u00fa\u0165.<\/li><li>Zdie\u013eanie prostredn\u00edctvom odkazu, k\u00f3du QR alebo vlo\u017eenia na webov\u00fa str\u00e1nku<\/li><li>Podpora propaga\u010dn\u00fdch k\u00f3dov, vernostn\u00e9ho a upsellingu<\/li><li>Aktualiz\u00e1cie ponuky a dostupnosti v re\u00e1lnom \u010dase<\/li><li><p>Viacjazy\u010dn\u00e1 podpora pre medzin\u00e1rodn\u00fdch z\u00e1kazn\u00edkov<\/p><figure class=\"image image_resized\"><img decoding=\"async\" class=\"alignright\" src=\"https:\/\/img.perfectwiki.xyz\/insecure\/resize:fit:400\/aHR0cHM6Ly9zdG9yYWdlLmdvb2dsZWFwaXMuY29tL3BlcmZlY3Rfd2lraS9jMThmZTZmNy03MTRiLTQxMzItYmI1NC0zNTY0ODc3NWVkMGMvRXFoakF6MGFkRjlvQ3BVRXdIVFQvJUQwJUI4JUQwJUI3JUQwJUJFJUQwJUIxJUQxJTgwJUQwJUIwJUQwJUI2JUQwJUI1JUQwJUJEJUQwJUI4JUQwJUI1XzVkNzgwNjA4LTY0OTctNDNkYi1iMmViLTkzNDFkNzYyNzVjMS5wbmc.webp\" sizes=\"100vw\" srcset=\"https:\/\/img.perfectwiki.xyz\/insecure\/resize:fit:400\/aHR0cHM6Ly9zdG9yYWdlLmdvb2dsZWFwaXMuY29tL3BlcmZlY3Rfd2lraS9jMThmZTZmNy03MTRiLTQxMzItYmI1NC0zNTY0ODc3NWVkMGMvRXFoakF6MGFkRjlvQ3BVRXdIVFQvJUQwJUI4JUQwJUI3JUQwJUJFJUQwJUIxJUQxJTgwJUQwJUIwJUQwJUI2JUQwJUI1JUQwJUJEJUQwJUI4JUQwJUI1XzVkNzgwNjA4LTY0OTctNDNkYi1iMmViLTkzNDFkNzYyNzVjMS5wbmc.webp 400w, https:\/\/img.perfectwiki.xyz\/insecure\/resize:fit:800\/aHR0cHM6Ly9zdG9yYWdlLmdvb2dsZWFwaXMuY29tL3BlcmZlY3Rfd2lraS9jMThmZTZmNy03MTRiLTQxMzItYmI1NC0zNTY0ODc3NWVkMGMvRXFoakF6MGFkRjlvQ3BVRXdIVFQvJUQwJUI4JUQwJUI3JUQwJUJFJUQwJUIxJUQxJTgwJUQwJUIwJUQwJUI2JUQwJUI1JUQwJUJEJUQwJUI4JUQwJUI1XzVkNzgwNjA4LTY0OTctNDNkYi1iMmViLTkzNDFkNzYyNzVjMS5wbmc.webp 800w, https:\/\/img.perfectwiki.xyz\/insecure\/resize:fit:1200\/aHR0cHM6Ly9zdG9yYWdlLmdvb2dsZWFwaXMuY29tL3BlcmZlY3Rfd2lraS9jMThmZTZmNy03MTRiLTQxMzItYmI1NC0zNTY0ODc3NWVkMGMvRXFoakF6MGFkRjlvQ3BVRXdIVFQvJUQwJUI4JUQwJUI3JUQwJUJFJUQwJUIxJUQxJTgwJUQwJUIwJUQwJUI2JUQwJUI1JUQwJUJEJUQwJUI4JUQwJUI1XzVkNzgwNjA4LTY0OTctNDNkYi1iMmViLTkzNDFkNzYyNzVjMS5wbmc.webp 1200w, https:\/\/img.perfectwiki.xyz\/insecure\/aHR0cHM6Ly9zdG9yYWdlLmdvb2dsZWFwaXMuY29tL3BlcmZlY3Rfd2lraS9jMThmZTZmNy03MTRiLTQxMzItYmI1NC0zNTY0ODc3NWVkMGMvRXFoakF6MGFkRjlvQ3BVRXdIVFQvJUQwJUI4JUQwJUI3JUQwJUJFJUQwJUIxJUQxJTgwJUQwJUIwJUQwJUI2JUQwJUI1JUQwJUJEJUQwJUI4JUQwJUI1XzVkNzgwNjA4LTY0OTctNDNkYi1iMmViLTkzNDFkNzYyNzVjMS5wbmc.webp 1400w\" alt=\"Rie\u0161enia \/ 6 Online objedn\u00e1vanie\" width=\"230\" height=\"347\"><\/figure><\/li><\/ul><h3 id=\"Who-Is-It-For-2\"><strong>Pre koho je ur\u010den\u00fd?<\/strong><\/h3><p><strong>Fast Food<\/strong> &#8211; R\u00fdchle objedn\u00e1vanie, menej front<br><strong>Takeaway &amp; Delivery<\/strong> &#8211; Jednoduch\u00fd tok z\u00e1kazn\u00edkov, lep\u0161ie na\u010dasovanie<br><strong>Kav<\/strong> iarne<strong>a pek\u00e1rne<\/strong> &#8211; Pl\u00e1novanie vyzdvihnutia, vyhnutie sa radom<br><strong>Re\u0161taur\u00e1cie<\/strong> &#8211; QR objedn\u00e1vanie stolov, nulov\u00e1 potreba person\u00e1lu  <\/p><h2 id=\"Own-the-Customer-Experience-1\"><strong>Vlastn\u00e1 sk\u00fasenos\u0165 z\u00e1kazn\u00edka<\/strong><\/h2><p>Neprenaj\u00edmajte svoj vz\u0165ah aplik\u00e1ci\u00e1m tret\u00edch str\u00e1n.<br>S priamym online objedn\u00e1van\u00edm m\u00e1te v\u0161etko pod kontrolou &#8211; a ponech\u00e1vate si 100 % z predaja.<\/p>\t\t\t\t\t\t\t\t<\/div>\n\t\t\t\t<\/div>\n\t\t\t\t<div class=\"elementor-element elementor-element-419a0f07 elementor-align-center elementor-mobile-align-center elementor-widget elementor-widget-button\" data-id=\"419a0f07\" data-element_type=\"widget\" data-e-type=\"widget\" data-widget_type=\"button.default\">\n\t\t\t\t<div class=\"elementor-widget-container\">\n\t\t\t\t\t\t\t\t\t<div class=\"elementor-button-wrapper\">\n\t\t\t\t\t<a class=\"elementor-button elementor-button-link elementor-size-sm\" href=\"https:\/\/rkeeper.us\/?page_id=256\">\n\t\t\t\t\t\t<span class=\"elementor-button-content-wrapper\">\n\t\t\t\t\t\t\t\t\t<span class=\"elementor-button-text\">Kontaktujte n\u00e1s<\/span>\n\t\t\t\t\t<\/span>\n\t\t\t\t\t<\/a>\n\t\t\t\t<\/div>\n\t\t\t\t\t\t\t\t<\/div>\n\t\t\t\t<\/div>\n\t\t\t\t\t<\/div>\n\t\t\t\t<\/div>\n\t\t\t\t<\/div>\n\t\t","protected":false},"excerpt":{"rendered":"<p>Objedn\u00e1vanie online Objedn\u00e1vanie online: Va\u0161a re\u0161taur\u00e1cia, v\u017edy otvoren\u00e1 Preme\u0148te kliknutia na objedn\u00e1vky. Kedyko\u013evek a kdeko\u013evek. Umo\u017enite svojim z\u00e1kazn\u00edkom objedna\u0165 si z va\u0161ej re\u0161taur\u00e1cie len nieko\u013ek\u00fdmi \u0165uknutiami &#8211; na akomko\u013evek zariaden\u00ed.Na\u0161e rie\u0161enie online objedn\u00e1vok sp\u00e1ja va\u0161e menu s digit\u00e1lnym svetom: va\u0161ou webovou str\u00e1nkou, mobilnou aplik\u00e1ciou alebo QR k\u00f3dom. \u017diadni sprostredkovatelia. \u017diadne kr\u00e1tenie prov\u00edzie. Len priamy predaj [&hellip;]<\/p>\n","protected":false},"author":1,"featured_media":0,"parent":0,"menu_order":0,"comment_status":"closed","ping_status":"closed","template":"","meta":{"footnotes":""},"class_list":["post-2628","page","type-page","status-publish","hentry"],"_links":{"self":[{"href":"https:\/\/ucsrkeeper.sk\/index.php?rest_route=\/wp\/v2\/pages\/2628","targetHints":{"allow":["GET"]}}],"collection":[{"href":"https:\/\/ucsrkeeper.sk\/index.php?rest_route=\/wp\/v2\/pages"}],"about":[{"href":"https:\/\/ucsrkeeper.sk\/index.php?rest_route=\/wp\/v2\/types\/page"}],"author":[{"embeddable":true,"href":"https:\/\/ucsrkeeper.sk\/index.php?rest_route=\/wp\/v2\/users\/1"}],"replies":[{"embeddable":true,"href":"https:\/\/ucsrkeeper.sk\/index.php?rest_route=%2Fwp%2Fv2%2Fcomments&post=2628"}],"version-history":[{"count":5,"href":"https:\/\/ucsrkeeper.sk\/index.php?rest_route=\/wp\/v2\/pages\/2628\/revisions"}],"predecessor-version":[{"id":3683,"href":"https:\/\/ucsrkeeper.sk\/index.php?rest_route=\/wp\/v2\/pages\/2628\/revisions\/3683"}],"wp:attachment":[{"href":"https:\/\/ucsrkeeper.sk\/index.php?rest_route=%2Fwp%2Fv2%2Fmedia&parent=2628"}],"curies":[{"name":"wp","href":"https:\/\/api.w.org\/{rel}","templated":true}]}}